{"id":3,"date":"2022-11-17T15:12:43","date_gmt":"2022-11-17T14:12:43","guid":{"rendered":"http:\/\/renbodigital.fr\/?page_id=3"},"modified":"2022-11-30T13:31:39","modified_gmt":"2022-11-30T12:31:39","slug":"politique-de-confidentialite","status":"publish","type":"page","link":"https:\/\/renbodigital.fr\/index.php\/politique-de-confidentialite\/","title":{"rendered":"Politique de confidentialit\u00e9"},"content":{"rendered":"\n<h2 class=\"wp-block-heading\">Qui sommes-nous&nbsp;?<\/h2>\n\n\n\n<p><strong class=\"privacy-policy-tutorial\"> <\/strong>L\u2019adresse de notre site est\u00a0: https:\/\/renbodigital.fr.<\/p>\n\n\n\n<p>Votre vie priv\u00e9e est importante pour nous. La politique de RENBO DIGITAL est de respecter votre vie priv\u00e9e et de se conformer \u00e0 toute loi et r\u00e9glementation applicables concernant les informations personnelles que nous pouvons collecter \u00e0 votre sujet, y compris sur notre site Web,&nbsp;<a href=\"https:\/\/renbodigital.fr\/\" target=\"_blank\" rel=\"noreferrer noopener\">https:\/\/renbodigital.fr<\/a>&nbsp;, et d&rsquo;autres sites que nous poss\u00e9dons et exploitons.<\/p>\n\n\n\n<p>Cette politique entre en vigueur le 29 novembre 2022 et a \u00e9t\u00e9 mise \u00e0 jour pour la derni\u00e8re fois le 29 novembre 2022.<\/p>\n\n\n\n<h2 class=\"wp-block-heading\">Informations que nous recueillons<\/h2>\n\n\n\n<p>Les informations que nous collectons incluent \u00e0 la fois les informations que vous nous fournissez sciemment et activement lorsque vous utilisez ou participez \u00e0 l&rsquo;un de nos services et promotions, et toute information envoy\u00e9e automatiquement par vos appareils lors de l&rsquo;acc\u00e8s \u00e0 nos produits et services.<\/p>\n\n\n\n<p><strong>Donn\u00e9es de journal<\/strong><\/p>\n\n\n\n<p>Lorsque vous visitez notre site Web, nos serveurs peuvent enregistrer automatiquement les donn\u00e9es standard fournies par votre navigateur Web. Il peut inclure l&rsquo;adresse IP (Internet Protocol) de votre appareil, le type et la version de votre navigateur, les pages que vous visitez, l&rsquo;heure et la date de votre visite, le temps pass\u00e9 sur chaque page, d&rsquo;autres d\u00e9tails sur votre visite et des d\u00e9tails techniques qui se produisent dans conjonction avec les erreurs que vous pourriez rencontrer.<\/p>\n\n\n\n<p>Veuillez noter que m\u00eame si ces informations peuvent ne pas \u00eatre personnellement identifiables en elles-m\u00eames, il peut \u00eatre possible de les combiner avec d&rsquo;autres donn\u00e9es pour identifier personnellement des personnes individuelles.<\/p>\n\n\n\n<h2 class=\"wp-block-heading\">Collecte et utilisation des informations<\/h2>\n\n\n\n<p>Nous pouvons collecter des informations personnelles aupr\u00e8s de vous lorsque vous effectuez l&rsquo;une des actions suivantes sur notre site Web&nbsp;:<\/p>\n\n\n\n<p>Utiliser un appareil mobile ou un navigateur Web pour acc\u00e9der \u00e0 notre contenu<\/p>\n\n\n\n<p>Contactez-nous par e-mail, sur les r\u00e9seaux sociaux ou sur toute technologie similaire<\/p>\n\n\n\n<p>Quand vous nous mentionnez sur les r\u00e9seaux sociaux<\/p>\n\n\n\n<p>Nous pouvons collecter, conserver, utiliser et divulguer des informations aux fins suivantes, et les informations personnelles ne seront pas trait\u00e9es ult\u00e9rieurement d&rsquo;une mani\u00e8re incompatible avec ces fins&nbsp;:<\/p>\n\n\n\n<p>Sachez que nous pouvons combiner les informations que nous recueillons \u00e0 votre sujet avec des informations g\u00e9n\u00e9rales ou des donn\u00e9es de recherche que nous recevons d&rsquo;autres sources fiables.<\/p>\n\n\n\n<h2 class=\"wp-block-heading\">S\u00e9curit\u00e9 de vos informations personnelles<\/h2>\n\n\n\n<p>Lorsque nous recueillons et traitons des informations personnelles, et pendant que nous conservons ces informations, nous les prot\u00e9gerons par des moyens commercialement acceptables pour pr\u00e9venir la perte et le vol, ainsi que l&rsquo;acc\u00e8s, la divulgation, la copie, l&rsquo;utilisation ou la modification non autoris\u00e9s.<\/p>\n\n\n\n<p>Bien que nous fassions de notre mieux pour prot\u00e9ger les informations personnelles que vous nous fournissez, nous vous informons qu&rsquo;aucune m\u00e9thode de transmission ou de stockage \u00e9lectronique n&rsquo;est s\u00e9curis\u00e9e \u00e0 100 % et que personne ne peut garantir une s\u00e9curit\u00e9 absolue des donn\u00e9es. Nous nous conformerons aux lois qui nous sont applicables en ce qui concerne toute violation de donn\u00e9es.<\/p>\n\n\n\n<p>Vous \u00eates responsable de la s\u00e9lection de tout mot de passe et de sa force de s\u00e9curit\u00e9 globale, garantissant la s\u00e9curit\u00e9 de vos propres informations dans les limites de nos services.<\/p>\n\n\n\n<p><strong>Combien de temps conservons-nous vos informations personnelles<\/strong><\/p>\n\n\n\n<p>Nous ne conservons vos informations personnelles que le temps n\u00e9cessaire. Cette p\u00e9riode peut d\u00e9pendre de la raison pour laquelle nous utilisons vos informations, conform\u00e9ment \u00e0 la pr\u00e9sente politique de confidentialit\u00e9. Si vos informations personnelles ne sont plus n\u00e9cessaires, nous les supprimerons ou les rendrons anonymes en supprimant tous les d\u00e9tails qui vous identifient.<\/p>\n\n\n\n<p>Cependant, si n\u00e9cessaire, nous pouvons conserver vos informations personnelles pour nous conformer \u00e0 une obligation l\u00e9gale, comptable ou de d\u00e9claration ou \u00e0 des fins d&rsquo;archivage dans l&rsquo;int\u00e9r\u00eat public, \u00e0 des fins de recherche scientifique ou historique ou \u00e0 des fins statistiques.<\/p>\n\n\n\n<p><strong>Confidentialit\u00e9 des enfants<\/strong><\/p>\n\n\n\n<p>Nous ne visons aucun de nos produits ou services directement aux enfants de moins de 13 ans, et nous ne collectons pas sciemment des informations personnelles sur les enfants de moins de 13 ans.<\/p>\n\n\n\n<p><strong>Transferts internationaux d&rsquo;informations personnelles<\/strong><\/p>\n\n\n\n<p>Les informations personnelles que nous collectons sont stock\u00e9es et\/ou trait\u00e9es l\u00e0 o\u00f9 nous ou nos partenaires, soci\u00e9t\u00e9s affili\u00e9es et fournisseurs tiers maintenons des installations. Veuillez noter que les endroits o\u00f9 nous stockons, traitons ou transf\u00e9rons vos informations personnelles peuvent ne pas avoir les m\u00eames lois sur la protection des donn\u00e9es que le pays dans lequel vous avez initialement fourni les informations. Si nous transf\u00e9rons vos informations personnelles \u00e0 des tiers dans d&rsquo;autres pays : (i) nous effectuerons ces transferts conform\u00e9ment aux exigences de la loi applicable ; et (ii) nous prot\u00e9gerons les informations personnelles transf\u00e9r\u00e9es conform\u00e9ment \u00e0 la pr\u00e9sente politique de confidentialit\u00e9.<\/p>\n\n\n\n<p><strong>Vos droits et contr\u00f4le de vos informations personnelles<\/strong><\/p>\n\n\n\n<p>Vous conservez toujours le droit de nous refuser des informations personnelles, \u00e9tant entendu que votre exp\u00e9rience de notre site Web peut en \u00eatre affect\u00e9e. Nous ne ferons aucune discrimination \u00e0 votre encontre pour avoir exerc\u00e9 l&rsquo;un de vos droits sur vos informations personnelles. Si vous nous fournissez des informations personnelles, vous comprenez que nous les collecterons, conserverons, utiliserons et divulguerons conform\u00e9ment \u00e0 cette politique de confidentialit\u00e9. Vous conservez le droit de demander des d\u00e9tails sur toute information personnelle que nous d\u00e9tenons \u00e0 votre sujet.<\/p>\n\n\n\n<p>Si nous recevons des informations personnelles vous concernant d&rsquo;un tiers, nous les prot\u00e9gerons comme indiqu\u00e9 dans la pr\u00e9sente politique de confidentialit\u00e9. Si vous \u00eates un tiers fournissant des informations personnelles sur quelqu&rsquo;un d&rsquo;autre, vous d\u00e9clarez et garantissez que vous avez le consentement de cette personne pour nous fournir les informations personnelles.<\/p>\n\n\n\n<p>Si vous avez d\u00e9j\u00e0 accept\u00e9 que nous utilisions vos informations personnelles \u00e0 des fins de marketing direct, vous pouvez changer d&rsquo;avis \u00e0 tout moment. Nous vous donnerons la possibilit\u00e9 de vous d\u00e9sabonner de notre base de donn\u00e9es de courrier \u00e9lectronique ou de vous d\u00e9sinscrire des communications. Sachez que nous pouvons avoir besoin de vous demander des informations sp\u00e9cifiques pour nous aider \u00e0 confirmer votre identit\u00e9.<\/p>\n\n\n\n<p>Si vous pensez que les informations que nous d\u00e9tenons \u00e0 votre sujet sont inexactes, obsol\u00e8tes, incompl\u00e8tes, non pertinentes ou trompeuses, veuillez nous contacter en utilisant les d\u00e9tails fournis dans cette politique de confidentialit\u00e9. Nous prendrons des mesures raisonnables pour corriger toute information jug\u00e9e inexacte, incompl\u00e8te, trompeuse ou obsol\u00e8te.<\/p>\n\n\n\n<p>Si vous pensez que nous avons enfreint une loi pertinente sur la protection des donn\u00e9es et souhaitez d\u00e9poser une plainte, veuillez nous contacter en utilisant les coordonn\u00e9es ci-dessous et nous fournir tous les d\u00e9tails de la violation all\u00e9gu\u00e9e. Nous enqu\u00eaterons rapidement sur votre plainte et vous r\u00e9pondrons par \u00e9crit, en exposant le r\u00e9sultat de notre enqu\u00eate et les mesures que nous prendrons pour traiter votre plainte. Vous avez \u00e9galement le droit de contacter un organisme de r\u00e9glementation ou une autorit\u00e9 de protection des donn\u00e9es concernant votre plainte.<\/p>\n\n\n\n<h2 class=\"wp-block-heading\">Utilisation des cookies<\/h2>\n\n\n\n<p>Nous utilisons des \u00ab cookies \u00bb pour collecter des informations sur vous et votre activit\u00e9 sur notre site. Un cookie est un petit \u00e9l\u00e9ment de donn\u00e9es que notre site Web stocke sur votre ordinateur et auquel il acc\u00e8de \u00e0 chaque fois que vous visitez, afin que nous puissions comprendre comment vous utilisez notre site. Cela nous aide \u00e0 vous proposer du contenu en fonction des pr\u00e9f\u00e9rences que vous avez sp\u00e9cifi\u00e9es.<\/p>\n\n\n\n<h2 class=\"wp-block-heading\">Limites de notre politique<\/h2>\n\n\n\n<p>Notre site Web peut contenir des liens vers des sites externes qui ne sont pas exploit\u00e9s par nous. Veuillez noter que nous n&rsquo;avons aucun contr\u00f4le sur le contenu et les politiques de ces sites et que nous ne pouvons accepter aucune responsabilit\u00e9 quant \u00e0 leurs pratiques de confidentialit\u00e9 respectives.<\/p>\n\n\n\n<p>Modifications de cette politique<\/p>\n\n\n\n<p>\u00c0 notre discr\u00e9tion, nous pouvons modifier notre politique de confidentialit\u00e9 pour refl\u00e9ter les mises \u00e0 jour de nos processus commerciaux, les pratiques acceptables actuelles ou les modifications l\u00e9gislatives ou r\u00e9glementaires. Si nous d\u00e9cidons de modifier cette politique de confidentialit\u00e9, nous publierons les modifications ici sur le m\u00eame lien par lequel vous acc\u00e9dez \u00e0 cette politique de confidentialit\u00e9.<\/p>\n\n\n\n<p>Si la loi l&rsquo;exige, nous obtiendrons votre permission ou vous donnerons la possibilit\u00e9 d&rsquo;accepter ou de refuser, selon le cas, toute nouvelle utilisation de vos informations personnelles.<\/p>\n\n\n\n<h2 class=\"wp-block-heading\">Nous contacter<\/h2>\n\n\n\n<p>Pour toute question ou pr\u00e9occupation concernant votre vie priv\u00e9e, vous pouvez nous contacter en utilisant les d\u00e9tails suivants :<\/p>\n\n\n\n<p>Renaud Boyer\u00a0<\/p>\n\n\n\n<p><blockquote class=\"wp-embedded-content\" data-secret=\"DmHFWUznZO\"><a href=\"https:\/\/renbodigital.fr\/\">Renbo Digital<\/a><\/blockquote><iframe loading=\"lazy\" class=\"wp-embedded-content\" sandbox=\"allow-scripts\" security=\"restricted\" style=\"position: absolute; clip: rect(1px, 1px, 1px, 1px);\" title=\"\u00ab\u00a0Renbo Digital\u00a0\u00bb &#8212; RENBO DIGITAL\" src=\"https:\/\/renbodigital.fr\/embed\/#?secret=jlPYuyGlbg#?secret=DmHFWUznZO\" data-secret=\"DmHFWUznZO\" width=\"500\" height=\"282\" frameborder=\"0\" marginwidth=\"0\" marginheight=\"0\" scrolling=\"no\"><\/iframe><\/p>\n\n\n\n<p><strong>renaud.boyer@renbodigital.fr<\/strong><\/p>\n","protected":false},"excerpt":{"rendered":"<p>Qui sommes-nous&nbsp;? L\u2019adresse de notre site est\u00a0: https:\/\/renbodigital.fr. Votre vie priv\u00e9e est importante pour nous. La politique de RENBO DIGITAL est de respecter votre vie priv\u00e9e et de se conformer \u00e0 toute loi et r\u00e9glementation applicables concernant les informations personnelles que nous pouvons collecter \u00e0 votre sujet, y compris sur notre site Web,&nbsp;https:\/\/renbodigital.fr&nbsp;, et d&rsquo;autres &hellip;<\/p>\n<p class=\"read-more\"> <a class=\"\" href=\"https:\/\/renbodigital.fr\/index.php\/politique-de-confidentialite\/\"> <span class=\"screen-reader-text\">Politique de confidentialit\u00e9<\/span> Lire la suite\u00a0\u00bb<\/a><\/p>\n","protected":false},"author":1,"featured_media":0,"parent":0,"menu_order":0,"comment_status":"closed","ping_status":"open","template":"","meta":{"site-sidebar-layout":"default","site-content-layout":"default","ast-global-header-display":"","ast-main-header-display":"","ast-hfb-above-header-display":"","ast-hfb-below-header-display":"","ast-hfb-mobile-header-display":"","site-post-title":"","ast-breadcrumbs-content":"","ast-featured-img":"","footer-sml-layout":"","theme-transparent-header-meta":"","adv-header-id-meta":"","stick-header-meta":"","header-above-stick-meta":"","header-main-stick-meta":"","header-below-stick-meta":"","footnotes":""},"class_list":["post-3","page","type-page","status-publish","hentry"],"_links":{"self":[{"href":"https:\/\/renbodigital.fr\/index.php\/wp-json\/wp\/v2\/pages\/3","targetHints":{"allow":["GET"]}}],"collection":[{"href":"https:\/\/renbodigital.fr\/index.php\/wp-json\/wp\/v2\/pages"}],"about":[{"href":"https:\/\/renbodigital.fr\/index.php\/wp-json\/wp\/v2\/types\/page"}],"author":[{"embeddable":true,"href":"https:\/\/renbodigital.fr\/index.php\/wp-json\/wp\/v2\/users\/1"}],"replies":[{"embeddable":true,"href":"https:\/\/renbodigital.fr\/index.php\/wp-json\/wp\/v2\/comments?post=3"}],"version-history":[{"count":2,"href":"https:\/\/renbodigital.fr\/index.php\/wp-json\/wp\/v2\/pages\/3\/revisions"}],"predecessor-version":[{"id":1616,"href":"https:\/\/renbodigital.fr\/index.php\/wp-json\/wp\/v2\/pages\/3\/revisions\/1616"}],"wp:attachment":[{"href":"https:\/\/renbodigital.fr\/index.php\/wp-json\/wp\/v2\/media?parent=3"}],"curies":[{"name":"wp","href":"https:\/\/api.w.org\/{rel}","templated":true}]}}